(2 - -1))?
1
-1 + -9 + 3 + (4 - 6)
-9
Calculate -3 - (2 - (1 + 1)) - 1.
-4
Evaluate (8 - (1 - -1) - 0) + -3.
3
What is (-4 - -1) + 3 - 3?
-3
Evaluate -5 + 5 - (4 - (3 - 3)).
-4
Evaluate 4 - 3 - (9 + 0).
-8
What is 27 - 28 - (-1 + -1)?
1
What is -2 - 1 - -2 - (1 + -3)?
1
Calculate (-2 + 8 - 0) + -3 + -5.
-2
What is the value of 1 - ((3 - 1) + -5)?
4
What is -3 - (-5 + 2 - (-3 + 2))?
-1
0 - (3 - 0 - 3) - -1
1
What is the value of 3 + 0 - (12 - -7 - 9)?
-7
Calculate (14 - 7) + -1 + -9 + 8.
5
5 - (10 + -14 + (-2 - -8))
3
Evaluate 1 - (4 - (0 - 2)).
-5
Calculate (1 + -1 - (-49 - -45)) + -1.
3
What is the value of -1 + 0 + -2 + (-9 - -9)?
-3
What is (1 - (8 + -4)) + -1 - -6?
2
What is (-7 - (6 - 6 - 5)) + -6?
-8
Calculate 4 - (7 - 12) - 3.
6
What is (14 - 1) + -4 + -4?
5
Calculate -1 + (7 - -1 - 9).
-2
What is (3 - (7 + -9)) + 1 + -6?
0
What is the value of 6 + -10 + (-8 - -18) + -6?
0
What is 0 + 2 + -18 + 17?
1
Evaluate 14 + 1 + (-140 - -127).
2
Calculate -3 + (5 - (-5 + 8)).
-1
Evaluate -9 - -7 - (-1 + (2 - 2)).
-1
Evaluate (23 - 19 - (1 + 0)) + 5.
8
5 + -3 + -1 + 0 + 2
3
What is the value of -6 + (-7 - -9) + 3?
-1
What is -2 - (-1 - (3 - 7))?
-5
Evaluate -1 + 1 + (3 - -2) + -2.
3
What is the value of 0 + 0 - -5 - 1?
4
What is (-6 + 3 - -2) + 5 + 0?
4
7 - (1 - (-7 + 5 + -7))
-3
Calculate (3 + 9 - 6) + -2.
4
Calculate 1 + 7 + -11 + (-1 - 0).
-4
Evaluate -7 + (6 - (-1 + 5 + 1)).
-6
Evaluate -1 + 6 + 2 + (16 - 18).
5
What is 3 + (-2 - -2) - (2 - 3)?
4
-14 - -5 - -7 - 2
-4
Evaluate (-1 + 1 - -7) + -4.
3
What is 3 + -7 + (-2 - -2) + 1?
-3
Calculate -12 + 3 - (13 + -15).
-7
Evaluate -3 + (3 + 2 - 5).
-3
Evaluate 5 - (6 + -2 + -2).
3
What is (27 - 13) + -8 - 2?
4
What is 1 - (0 + -1) - (0 + -2)?
4
(1 - 2) + -4 + 8 + -2
1
What is the value of 10 + -6 + (-1 + -9 - -1)?
-5
Calculate -1 - ((-1 - -4) + (-6 - -1)).
1
(0 - 7) + (-10 - -14)
-3
(-37 - -32) + 0 + 0
-5
Evaluate -4 - ((-4 - 0) + 3).
-3
2 - (6 + -4 + 3) - -2
-1
Evaluate 1 + 4 + (6 - 21).
-10
What is -12 - (0 + 4 - 11)?
-5
-8 + 1 - (6 - (5 - -5))
-3
What is the value of -3 + -1 + (5 - -4)?
5
10 - (-18 - -13) - 22
-7
What is the value of 13 - (8 + -6 + 5)?
6
What is the value of (19 - 13) + (0 - 5)?
1
Evaluate 4 - 2 - 1 - 4 - -7.
4
What is 2 - (1 + (4 - 3))?
0
-3 - (-1 - 7) - 6
-1
-2 - ((-3 - (-4 - 0)) + 1)
-4
Evaluate (6 - -1 - 1) + (10 - 11).
5
-3 + -1 - (2 - 4)
-2
(4 - (4 - 5 - -2)) + 4
7
What is -2 + -5 + 6 + 1?
0
Calculate (1 - 13) + (5 + -5 - -5).
-7
Evaluate 0 - (-8 + 3 + 9 + 3).
-7
1 - ((3 - (3 - 3)) + -3)
1
What is -2 - -6 - (-2 - -5)?
1
Calculate 0 + -2 + (7 + -8 - -7).
4
Evaluate 3 + (12 + -22 - (-10 + 2)).
1
Evaluate 1 + -1 + 1 + -5.
-4
What is 1 + 5 + -4 + -3 + -1?
-2
Evaluate 4 - (1 - -3) - -5.
5
((2 - -2) + -3 - 4) + 8
5
Evaluate -11 - (-4 + 2) - (10 + -14).
-5
Evaluate -78 + 73 - (2 + -1 - 2).
-4
Evaluate -2 - -2 - (5 - (3 + 4)).
2
What is -1 + (-1 - (2 - 6))?
2
Calculate 0 - (-8 - (-4 + -12 + 2)).
-6
0 + 2 - (6 + 2 - 7)
1
What is 10 + -5 + (3 - (4 + 3))?
1
-2 + (-15 - -11) + 2 + 4
0
Calculate (0 - 0) + (71 - 71).
0
Evaluate 8 + -7 + 7 + -11.
-3
Calculate -5 + 8 + 7 + (-1 - 1).
8
What is the value of 3 - -6 - (44 + -43)?
8
Calculate 4 - -4 - 1 - 15.
-8
What is (4 - 7) + 4 - (4 - 1)?
-2
What is the value of 2 - (-2 - 0) - 5 - -3?
2
4 - 0 - 3 - -4
5
-8 + 3 - 1 - -2
-4
Calculate 4 + -11 + -3 - -7.
-3
What is (6 - (5 - 1)) + 21 + -21?
2
Evaluate 1 - (4 - (3 + 0 + 1)).
1
What is the value of 9 + (0 - 0) - 6?
3
What is (-3 + 4 - 1) + (0 - -5)?
5
What is the value of -1 - (4 + (0 - 7) + -3)?
5
What is the value of 4 - ((1 - -3) + -3) - -1?
4
What is 2 + 5 + -9 + 4 - 6?
-4
1 - 0 - (-9 + 8 - 1)
3
Evaluate (-3 - 4 - -4) + 1.
-2
Calculate (1 - 8) + -27 + 29.
-5
Evaluate 1 + 0 + -1 + (0 - 0).
0
6 + (-5 - (-4 + 0))
5
What is the value of -7 - (6 + -3 - 5)?
-5
What is the value of -7 + 4 - (5 + 1 + -10)?
1
What is 0 + (0 + 7 - 4)?
3
What is the value of (0 + -21 - -9) + 12?
0
What is the value of -2 + 3 + -2 - (-4 - 0)?
3
Calculate (-3 - -17 - 9) + 1.
6
Calculate -1 - (-3 - (4 - 0)).
6
Calculate 3 + 3 + 11 + -19.
-2
What is the value of -4 + 6 + (-4 - -7)?
5
Calculate (-1 - -11) + -22 + 18.
6
What is the value of 8 + -8 + (-2 - 1) + 8?
5
Evaluate -18 + 4 - (-19 - 2).
7
-4 + -3 + 1 + 15 + -12
-3
Calculate 8 - 23 - -4 - -14.
3
What is 4 + -2 + (-3 - -7 - 7)?
-1
-5 + 0 + (8 - 7)
-4
0 - (0 - (13 - 9))
4
What is -5 - (-3 - (11 + -4))?
5
What is 4 + 4 + -6 + -2 + -1?
-1
Calculate -10 - (-2 - -3 - 10).
-1
What is 4 - (2 + 7 + -2)?
-3
What is -2 + (6 - 3) + -5?
-4
Evaluate -11 - -7 - (-5 + 1).
0
15 - (12 + -25 + 21)
7
What is 6 + 1 + -5 + 4 + -8?
-2
8 + 1 - (36 - 31) - 0
4
-9 - (0 + (7 - 13))
-3
Evaluate 3 + 2 + -6 + 4.
3
What is the value of 0 + -10 - (-28 - -24)?
-6
-8 + -2 + 8 - -4
2
Calculate 4 - (8 - 5 - -2).
-1
Calculate 62 - 74 - (0 - 9).
-3
5 - (-2 - (-3 + 4) - -6)
2
What is (-3 - -2) + 6 + (-5 - -4)?
4
What is -14 + 10 - (-2 + 2)?
-4
4 + (-9 - 0) + 1
-4
What is the value of 2 - (9 - 4) - (2 + 0)?
-5
What is the value of -2 + 4 - ((2 - 0) + 1)?
-1
What is 0 + 4 - (10 - (12 - 12))?
-6
Evaluate 5 - -1 - (42 + -41).
5
What is the value of -3 + (-5 + -3 - -3) + 4?
-4
(0 - -4) + 1 + -4
1
What is the value of (9 - (2 + 8 - 3)) + -11?
-9
Evaluate -3 - (0 - (-2 - -1)) - 0.
-4
What is the value of 0 + 11 + -5 + -10?
-4
What is the value of 0 + 6 - (-7 - (8 + -18))?
3
Evaluate 3 - (3 - (2 + -6)) - -4.
0
4 - (1 + 1 + 7)
-5
Evaluate 1 + (-3 - -15) + 7 + -14.
6
-4 + (-1 + (-1 - -2) - -3)
-1
What is the value of 5 + (-1 - 1) + (-5 - -1)?
-1
What is 0 + -1 + 2 + (7 - 8)?
0
What is -7 - (-6 + 1) - -13 - 6?
5
5 - (-3 - -4) - 10 - -9
3
What is the value of (-4 - 1) + (4 - 1)?
-2
(8 - 14 - 0) + 1
-5
-1 + 1 + (13 - 14) - 1
-2
17 + -10 + 3 + -3
7
(1 - 3 - -3) + 3 + -2
2
4 - (4 - 7) - 10
-3
What is the value of 2 - (-13 + (9 - 2))?
8
What is 5 - (-6 + 14 + -7)?
4
Evaluate 40 + -31 - (2 + 15).
-8
What is the value of 14 + 10 + (-6 - 8)?
10
What is -3 + -1 + -12 + 13 + 6?
3
What is -5 + (7 - 4) - -2?
0
Calculate 7 - ((1 - -3) + (-40 - -36)).
7
(-1 - -2) + (0 - -2) + -2
1
Evaluate (1 - 7 - -2) + -2 + 6.
0
What is (4 - (-5 - -12)) + -2 + 5?
0
0 - (-1 + 6 + 1 + -4)
-2
Calculate 4 + -6 + (0 - -5) - 2.
1
Evaluate (0 + -2 - 2) + -1 + 5.
0
What is -21 - -2 - -20 - (-1 - 2)?
4
1 + (3 - (-2 + 3 - -3))
0
What is the value of 6 + (-9 + 5 - (-1 + 4))?
-1
Calculate 0 - (-1 + -2) - (2 - 0).
1
Evaluate -5 + 2 - 0 - (8 - 15).
4
4 + -8 + -6 + 8
-2
Calculate 3 + -4 + (-10 + 4 - -2).
-5
What is (-3 - -8) + -9 + -1 - -2?
-3
What is the value of 1 + (0 + 10 - 14)?
-3
What is -9 - (1 + -9 + 4)?
-5
What is -5 + (1 - -1 - (9 - 16))?
4
What is the value of 1 + (-5 - (-12 - (-4 + 1)))?
5
1 - -5 - 6 - -3
3
What is (-1 - -6) + 0 + -7?
-2
Evaluate -2 + 1 + 8 - 6.
1
Evaluate -6 - (0 - (-5 + 11)).
0
Evaluate -15 + (-3 - 5 - -6 - -9).
-8
What is 3 + -12 + 18 - 12?
-3
Calculate -2 + (-1 - 1) + 7.
3
What is -7 + (5 - 3) - (1 - 7)?
1
Calculate 12 - (10 + (5 - 16 - -6)).
7
5 + 4 + (-9 - -7) - 6
1
What is -1 - -4 - (-160 + 159)?
4
Evaluate -16 + 23 + -12 + 1.
-4
Calculate 4 - (-5 - (-7 - (-7 + 4))).
5
Evaluate -1 + (0 - 0) - (-40 - -38).
1
What is the value of -9 + 10 + (-3 - -1)?
-1
Calculate 5 + -21 + 18 + (-6 - -1).
-3
What is the value of (11 - 5) + 6 - 8?
4
9 - 1 - 1 - 5
2
What is 1 + 3 - (3 - 4)?
5
Evaluate 3 + 3 + -7 + (-7 - -1).
-7
What is -8 + (-6 + 14 - -5)?
5
Evaluate (-1 - (8 - (-5 + 6))) + 3.
-5
Calculate (6 - 1) + (-10 - -7).
2
What is the value of -13 + 18 + -3 + -12 + -1?
-11
Evaluate 6 + -1 + (0 - 3).
2
What is the value of 18 + -12 - (-2 + 0 + 1)?
7
-1 + 2 + 6 + -11 + 9
5
What is -17 + 15 + 2 + -1?
-1
Evaluate 0 - ((-1 - 3 - -7) + -8).
5
What is 1 + -4 + (7 - 4) + -1?
-1
7 + (-8 + 3 - 2 - -9)
9
What is 9 + (-1 - (9 + -3))?
2
Calculate 13 - 3 - (3 - -7).
0
(-11 - -7) + 5 + (-2 - -2)
1
What is the value of (-1 - (-1 - 5 - -12)) + 1?
-6
Calculate 8 - (4 - 13 - -11).
6
What is (-8 - -13) + 2 + -5?
2
Evaluate 13 + (-4 - (4 - 3)).
8
Calculate 0 + -5 - (-16 - (-1 - 6)).
4
Calculate 2 + (-4 - -8) + (8 - 9).
5
-13 + 11 - (3 + -3 + -2)
0
What is (4 - (-7 + 4)) + -6?
1
-2 + (-3 - -3) + -4 + 0
-6
7 - (-6 - (-15 + 3 + 5))
6
Calculate -31 + 35 + (-1 - 1).
2
What is 5 - (-3 - (6 + -6 + -5))?
3
Calculate (0 - 9) + 1 + 13.
5
Calculate -4 + 0 + -76 + 85.